ine s(g).
-6
Let w(t) = -4*t**2 - 21*t - 8. Let y be w(-5). Let i(u) = 3*u**2 + 5*u + 2. Let l(x) = -4*x**2 - 6*x - 3. Let f(g) = 6*i(g) + 5*l(g). Determine f(y).
-21
Let p(m) = -m**3 - m**2 - 3*m - 1. Let d = 20 + 7. Let u be 12*(-15)/d*-3. Let j be (-3)/5 + (-28)/u. What is p(j)?
9
Suppose -3*v - 6*r - 12 = -2*r, -4*r - 12 = 0. Suppose -5*w + v = 10. Let n(z) = z**2 + 1. Give n(w).
5
Let g(k) be the second derivative of -k**3/2 - 5*k**2/2 + k + 5. Calculate g(-6).
13
Let l(t) = -t + 2. Suppose -2*j = -38 - 74. Let g be (160/(-6))/(8/36). Let x be 2/(-14) - g/j. Determine l(x).
0
Let x(j) = -j**3 - 247*j + 255*j + 4 - 7*j**2 + 4 - 6 - 5. Suppose -2*o + 5*k - 36 = 0, 4*o = k + 3*k - 48. Give x(o).
-3
Let p(w) be the first derivative of -w**3/3 - 5*w**2 + 354. What is p(-8)?
16
Let q(g) = -3*g + 11. Suppose 17*u - 26 = 15*u. Calculate q(u).
-28
Let m = 201 - 66. Let d = -135 + m. Let u(j) = -j**2 + j - 16. Determine u(d).
-16
Let x(d) be the second derivative of -d**5/20 + d**3/6 - 4*d**2 - d + 35. Give x(0).
-8
Let p = -54 + 56. Let h(s) = -11 - 8 - s**p + 0*s**2 + s. What is h(0)?
-19
Let x(o) be the first derivative of o**5/60 + o**4/3 + o**3 - 11*o**2/2 - 9. Let z(m) be the second derivative of x(m). What is z(-5)?
-9
Suppose 5*c + 116 = 3*m, -m + 10 = 4*c - 57. Let x(g) = m - 2*g - 3*g - 44 + 0*g + g**2. Let i(y) = -2*y - 2. Let l be i(-4). Calculate x(l).
9
Let b = 100 - 91. Let h(w) = w - 13. Give h(b).
-4
Suppose 5*q = 2*w, q - 4*q = 4*w - 26. Suppose -12 = w*f + 23. Let a(t) = t + 6. Calculate a(f).
-1
Let v = -26 - -36. Suppose -z - 6 = -0*z + y, -5*z = -5*y - v. Let p(m) = 0*m**2 - 3*m + m**2 + 4*m. Give p(z).
2
Let r(b) = b**2 + 5*b - 4. Let f(a) = a**2 + 7*a - 104. Let g be f(7). Give r(g).
2
Suppose -15*r + 408 = 378. Let t(l) be the first derivative of -2*l**r - 11 - l - 1/3*l**3. Calculate t(-2).
3
Let f(x) = -3*x + 1. Let j = -126 + 132. Calculate f(j).
-17
Let s be ((-8)/6)/(4/(-18)). Let v be s/14 - (-11)/7. Let h(m) = -m**v + 5 + 5 + 5*m - 6. Determine h(6).
-2
Let w = -1946 - -1939. Let o(s) = 2*s + 21. Give o(w).
7
Let u(b) = -47 + 13 + 3*b + 69. Give u(-11).
2
Let w(o) = o**3 + 7*o**2 + 7*o + 7. Let x be w(-6). Let i(r) be the first derivative of -r**4/2 + r**3/3 - r**2 + r + 1484. Determine i(x).
-2
Let g(v) be the second derivative of v**3/6 - 8*v**2 - 22*v. Determine g(11).
-5
Let o(x) = 11*x**2 - 3*x**2 + x**3 + 7886 - 7887. Suppose -a = -2*a - 8. Calculate o(a).
-1
Let w(r) = -9*r**3 - r + 1. Suppose 0 = 46*c - 41*c + 15. Let u be (-90)/(-75) - ((-3)/5)/c. Calculate w(u).
-9
Suppose -6*w = -11*w - 25. Let b(g) = -g - 11. Let i be b(w). Let y(a) = 3*a**2 + 7 - 2*a**2 - 1 + 1 + 8*a. Determine y(i).
-5
Suppose 0 = z - 1 - 5. Let c(o) = -3*o**2 + 4*o + 1. Let n(u) = u**2 + u - 1. Let x(w) = -c(w) - 2*n(w). Let j be x(z). Let m(a) = -5*a - 1. Give m(j).
-6
Suppose 4*q - 4*m = -6*m + 26, 0 = 3*q + 3*m - 24. Suppose 5*v = -0*l - l - 30, -q = -l. Let c(t) = t**3 + 7*t**2 - 8. Give c(v).
-8
Suppose 0 = 5*o + 3*l + 2, 2*l + 2 = 4*o - 14. Let t(r) = -r + 12. Let x be t(10). Let m(n) = -1 - 18*n**2 - o*n + 14*n**x + 6*n + n**3. Determine m(3).
2
Let c(f) = -3*f**2 + 1. Suppose -4*m + 28 = -16. Let o = m + -9. Let q be 0 + (5 - 3)/o. Give c(q).
-2
Let o(r) = 2*r + r + 16 - 9 - 7. Calculate o(1).
3
Let a(c) be the third derivative of 13*c**2 + 1/12*c**4 + 0*c - c**3 + 0 + 1/60*c**5. What is a(-5)?
9
Let d(s) = -s**3 - 2*s**2 + s - 1. Let l be (-2)/8 + 63/(-36). Determine d(l).
-3
Let t(w) = -w**3 + 3*w**2 + 2*w - 4. Suppose -2*c + 3*c + 34 = 0. Let m = -30 - c. Determine t(m).
-12
Suppose -2*d - 2*c = 2 + 12, -d + 3*c + 17 = 0. Let v(x) = -1 - x + 2*x - 2*x. Determine v(d).
0
Let n(c) = c**2 + 6*c + 6. Suppose -1191 = -7*v - 1212. Calculate n(v).
-3
Let r(d) be the first derivative of d**4/4 + 4*d**3 + 5*d**2 - 12*d - 81. Determine r(-11).
-1
Let s(i) = i**3 - 6*i**2 + 8*i - 2. Let c be s(1). Let f(u) = u**2 + 2*u - 3. What is f(c)?
0
Let g(i) = 3*i - 2 + i**2 - i**3 + 3*i**2 - 5*i. Let l(p) = p**2 - 7*p - 4. Let m = 30 + -22. Let k be l(m). Give g(k).
-10
Let d(z) = -z + 3. Let s(i) = -2*i**3 - 118*i**2 + 122*i + 130. Let v be s(-60). Give d(v).
-7
Let b(w) be the third derivative of w**4/24 - 4*w**3 - 2*w**2 + 125*w. Determine b(15).
-9
Let y be -5*4/(-15)*-3. Let s(q) = -14*q - 49. Let l be s(y). Let u(g) be the third derivative of g**4/24 - g**3/6 + g**2. Determine u(l).
6
Let x(w) = -2*w + 2. Let r(p) = 6*p - 4. Let c(b) = r(b) + 4*x(b). Determine c(2).
0
Let z(n) = -3*n - 1. Let c(x) = -25*x - 4. Let u(v) = c(v) - 6*z(v). Calculate u(-3).
23
Let v(d) = 35*d**2 - d + 1. Let i = -63 - -64. Determine v(i).
35
Let q(m) be the third derivative of -m**3 - 7*m**2 + 1/4*m**4 + 0 - 1/10*m**5 + 0*m + 1/120*m**6. Suppose 7 = 5*d - 18. Give q(d).
-1
Suppose 16 = -2*m - 4*w, -17 = -5*m + 5*w + 18. Let c(o) be the first derivative of -o + 1 + m*o**2 + 1/3*o**3. Give c(-2).
-5
Let b(w) = -w**2 - 5*w + 6. Suppose 7*y - 41 = -83. What is b(y)?
0
Let d(p) = -32*p**3 - 2 + p**2 + 17*p**3 + 3 - 2*p - 17*p**3. Calculate d(1).
-32
Let v(p) = p**2 - 16*p - 19. Let s be v(17). Let t(h) = 7*h**2 - 2*h + 9. Let j(q) = -11*q**2 + 3*q - 14. Let m(z) = -5*j(z) - 8*t(z). Give m(s).
-8
Let u(y) = -y**3 - 11*y**2 - y - 17. Let l = 1149 - 1160. Determine u(l).
-6
Let f(w) = -2*w**3 + w + 2. Let h(x) = -9*x**3 - 11*x**2 - 9*x - 12. Let a(t) = -4*f(t) + h(t). Give a(-10).
10
Let p(s) = s**3 + 9*s**2 - 8*s - 131. Let g be p(-8). Let o(q) = 8*q + 13. Give o(g).
-11
Let g(i) be the third derivative of -i**6/120 - i**5/10 - i**4/8 - 5*i**2. Suppose -3*y = 6, o - 2*y = 3*y + 5. What is g(o)?
-10
Let i(t) = -t + 5. Let u = 18 + 79. Suppose -4*f + u = -51. Suppose -12 = -4*n, -4*n + 0*n + f = -5*l. Determine i(l).
10
Suppose 4*u + 2 = 22, 0 = -4*l + 2*u + 2. Let a = -11 + 15. Let r(s) = 3*s**2 - a*s**2 - 4 + 0*s + 8 + 3*s. What is r(l)?
4
Let z(n) be the third derivative of 25*n**4/24 - 18*n**2 + 2. Calculate z(-1).
-25
Let l(b) = -4 + 4*b**2 + 0*b**2 + 2*b + 6 + 5*b**3 - 4*b**3. Suppose 15*s = 24 - 84. Give l(s).
-6
Let y(z) = -7*z - 18. Suppose 0 = -80*s + 83*s + 12. Calculate y(s).
10
Let z(k) = -4*k**2 + 3*k - 3. Let f(m) = m**2 - m + 1. Let v(y) = -9*f(y) - 2*z(y). Let i be -10*3/(-4 + -2). Let w = i + -3. Calculate v(w).
-1
Let k = 143 - 142. Let y(d) = -d. Let w(c) = -1 + 2 - 2. Let a(g) = k*w(g) - y(g). Calculate a(-1).
-2
Let g(b) = 16*b - 5. Let p(t) = -3*t + 1. Let o(h) = -2*g(h) - 11*p(h). Give o(-11).
-12
Suppose -2*u + j + 25 = -3, u + 5*j = 3. Suppose 2*g - 4*g = -s - 16, 3*s + g + u = 0. Let v(d) = d**3 + 6*d**2 - d + 8. Determine v(s).
14
Let j(y) = -5*y**2. Let s(z) = -z**2 - z + 1. Suppose i + 5*n + 1 = 3*n, -i + 6 = -5*n. Let f(d) = i*j(d) - 6*s(d). Let b be (5 + -3)*7/(-2). Give f(b).
1
Let l be (-1357)/(-138) - 1/(-6). Let o(d) = l - 7 + 2*d - 3*d. Give o(0).
3
Let f(m) = -m**2 - 4*m + 2. Let w(n) = -n**2 - 5*n + 1. Let y(o) = 2*f(o) - 3*w(o). Calculate y(-7).
1
Let a(i) = 7*i**3 - 7*i**2 - 5*i + 4. Let v(y) = -6*y**3 + 5*y**2 + 4*y - 4. Let d(l) = 5*a(l) + 6*v(l). Give d(-5).
1
Let t be (12/4)/(2/4). Let o = t - -3. Let c(h) = -h**3 - 2 + 9 + o*h + 5*h**2 - 12*h. Calculate c(5).
-8
Let a be 10 + -1 + (7 + 37)/(-11). Let t(g) = -7*g**2 + 3*g - 1. Let p(s) = -20*s**2 + 9*s - 2. Let v(k) = -6*p(k) + 17*t(k). What is v(a)?
5
Suppose -4*h - 6*h + 30 = 0. Suppose 0*z = -5*z + 3*x + 17, -h*x = -3*z + 15. Let k(l) = l**3 + l**2. Give k(z).
2
Let f(a) = 2*a**3 - a - 1. Let l(t) = 9*t - 5. Let k be l(4). Let x = -32 + k. Determine f(x).
-2
Let s(i) = -i**3 - 5*i**2 - 2*i + 7. Let z(k) = 1 - 9*k + 45 - 16*k + 28*k. Let x be z(-17). Determine s(x).
17
Let w = 60 - 55. Let r(b) = 6*b + 5 - 4 - b - w. Calculate r(-3).
-19
Suppose -4*c = -0*c - 20, -4*c + 12 = -2*n. Let o(y) = -90*y - 78*y - 1 - 95*y + 6 + 260*y. What is o(n)?
-7
Let h = -76 - -62. Let r = h - -21. Let o(j) = j**3 - 8*j**2 + 9*j - 2. What is o(r)?
12
Let i(n) be the second derivative of n**5/20 + 2*n**4/3 - 5*n**3/3 - 3*n**2/2 - 298*n. What is i(-9)?
6
Let m(j) = 7*j + 25. Let a(d) = 20*d + 73. Let c(n) = 6*a(n) - 17*m(n). Give c(-9).
4
Let c(h) = h + 1. Suppose u + 2*m + 52 = -m, -5*u + 3*m = 170. Let w = -33 - u. Give c(w).
5
Let g(r) = -r**2 - r + 6. Let x be g(0). Let t(o) = 9 - 8 -